[INFO] cloning repository https://github.com/atamis/toy-clouds
[INFO] running `Command { std: "git" "-c" "credential.helper=" "-c" "credential.helper=/workspace/cargo-home/bin/git-credential-null" "clone" "--bare" "https://github.com/atamis/toy-clouds" "/workspace/cache/git-repos/https%3A%2F%2Fgithub.com%2Fatamis%2Ftoy-clouds", kill_on_drop: false }`
[INFO] [stderr] Cloning into bare repository '/workspace/cache/git-repos/https%3A%2F%2Fgithub.com%2Fatamis%2Ftoy-clouds'...
[INFO] running `Command { std: "git" "rev-parse" "HEAD", kill_on_drop: false }`
[INFO] [stdout] 8a2ac8a25683a61dcdd2ddeeb15c58fdcc19c47e
[INFO] checking atamis/toy-clouds against master#9610dfe5a9a731ced1ea4923ecbd0c57fe367898 for beta-170-4
[INFO] running `Command { std: "git" "clone" "/workspace/cache/git-repos/https%3A%2F%2Fgithub.com%2Fatamis%2Ftoy-clouds" "/workspace/builds/worker-4-tc1/source", kill_on_drop: false }`
[INFO] [stderr] Cloning into '/workspace/builds/worker-4-tc1/source'...
[INFO] [stderr] done.
[INFO] validating manifest of git repo https://github.com/atamis/toy-clouds on toolchain 9610dfe5a9a731ced1ea4923ecbd0c57fe367898
[INFO] running `Command { std: CARGO_HOME="/workspace/cargo-home" RUSTUP_HOME="/workspace/rustup-home" "/workspace/cargo-home/bin/cargo" "+9610dfe5a9a731ced1ea4923ecbd0c57fe367898" "metadata" "--manifest-path" "Cargo.toml" "--no-deps", kill_on_drop: false }`
[INFO] started tweaking git repo https://github.com/atamis/toy-clouds
[INFO] finished tweaking git repo https://github.com/atamis/toy-clouds
[INFO] tweaked toml for git repo https://github.com/atamis/toy-clouds written to /workspace/builds/worker-4-tc1/source/Cargo.toml
[INFO] crate git repo https://github.com/atamis/toy-clouds already has a lockfile, it will not be regenerated
[INFO] running `Command { std: CARGO_HOME="/workspace/cargo-home" RUSTUP_HOME="/workspace/rustup-home" "/workspace/cargo-home/bin/cargo" "+9610dfe5a9a731ced1ea4923ecbd0c57fe367898" "fetch" "--manifest-path" "Cargo.toml", kill_on_drop: false }`
[INFO] [stderr]  Downloading crates ...
[INFO] [stderr]   Downloaded pancurses v0.16.0
[INFO] [stderr]   Downloaded ncurses v5.94.0
[INFO] [stderr]   Downloaded noise v0.5.1
[INFO] [stderr]   Downloaded cc v1.0.20
[INFO] [stderr]   Downloaded pdcurses-sys v0.7.0
[INFO] running `Command { std: "docker" "create" "-v" "/var/lib/crater-agent-workspace/builds/worker-4-tc1/target:/opt/rustwide/target:rw,Z" "-v" "/var/lib/crater-agent-workspace/builds/worker-4-tc1/source:/opt/rustwide/workdir:ro,Z" "-v" "/var/lib/crater-agent-workspace/cargo-home:/opt/rustwide/cargo-home:ro,Z" "-v" "/var/lib/crater-agent-workspace/rustup-home:/opt/rustwide/rustup-home:ro,Z" "-e" "SOURCE_DIR=/opt/rustwide/workdir" "-e" "CARGO_TARGET_DIR=/opt/rustwide/target" "-e" "CARGO_HOME=/opt/rustwide/cargo-home" "-e" "RUSTUP_HOME=/opt/rustwide/rustup-home" "-w" "/opt/rustwide/workdir" "-m" "1610612736" "--user" "0:0" "--network" "none" "ghcr.io/rust-lang/crates-build-env/linux@sha256:19e73879b68f455e41552ea35293514db52ea292d993f571636dbffedb77a1ee" "/opt/rustwide/cargo-home/bin/cargo" "+9610dfe5a9a731ced1ea4923ecbd0c57fe367898" "metadata" "--no-deps" "--format-version=1", kill_on_drop: false }`
[INFO] [stdout] 37fc072c55be1600959b465065dee6510228f2d355e9bd0c7d9173220bfe36b8
[INFO] running `Command { std: "docker" "start" "-a" "37fc072c55be1600959b465065dee6510228f2d355e9bd0c7d9173220bfe36b8", kill_on_drop: false }`
[INFO] running `Command { std: "docker" "inspect" "37fc072c55be1600959b465065dee6510228f2d355e9bd0c7d9173220bfe36b8", kill_on_drop: false }`
[INFO] running `Command { std: "docker" "rm" "-f" "37fc072c55be1600959b465065dee6510228f2d355e9bd0c7d9173220bfe36b8", kill_on_drop: false }`
[INFO] [stdout] 37fc072c55be1600959b465065dee6510228f2d355e9bd0c7d9173220bfe36b8
[INFO] running `Command { std: "docker" "create" "-v" "/var/lib/crater-agent-workspace/builds/worker-4-tc1/target:/opt/rustwide/target:rw,Z" "-v" "/var/lib/crater-agent-workspace/builds/worker-4-tc1/source:/opt/rustwide/workdir:ro,Z" "-v" "/var/lib/crater-agent-workspace/cargo-home:/opt/rustwide/cargo-home:ro,Z" "-v" "/var/lib/crater-agent-workspace/rustup-home:/opt/rustwide/rustup-home:ro,Z" "-e" "SOURCE_DIR=/opt/rustwide/workdir" "-e" "CARGO_TARGET_DIR=/opt/rustwide/target" "-e" "CARGO_INCREMENTAL=0" "-e" "RUST_BACKTRACE=full" "-e" "RUSTFLAGS=--cap-lints=forbid" "-e" "RUSTDOCFLAGS=--cap-lints=forbid" "-e" "CARGO_HOME=/opt/rustwide/cargo-home" "-e" "RUSTUP_HOME=/opt/rustwide/rustup-home" "-w" "/opt/rustwide/workdir" "-m" "1610612736" "--user" "0:0" "--network" "none" "ghcr.io/rust-lang/crates-build-env/linux@sha256:19e73879b68f455e41552ea35293514db52ea292d993f571636dbffedb77a1ee" "/opt/rustwide/cargo-home/bin/cargo" "+9610dfe5a9a731ced1ea4923ecbd0c57fe367898" "check" "--frozen" "--all" "--all-targets" "--message-format=json", kill_on_drop: false }`
[INFO] [stdout] d157e8b3283192b060725441708b1f9f2b1fd08bf1897e9b941848dbd8927968
[INFO] running `Command { std: "docker" "start" "-a" "d157e8b3283192b060725441708b1f9f2b1fd08bf1897e9b941848dbd8927968", kill_on_drop: false }`
[INFO] [stderr]    Compiling version_check v0.1.4
[INFO] [stderr]     Checking libc v0.2.43
[INFO] [stderr]    Compiling num-traits v0.2.5
[INFO] [stderr]     Checking cfg-if v0.1.5
[INFO] [stderr]     Checking nodrop v0.1.12
[INFO] [stderr]     Checking memoffset v0.2.1
[INFO] [stderr]    Compiling rayon-core v1.4.1
[INFO] [stderr]     Checking scopeguard v0.3.3
[INFO] [stderr]    Compiling num-integer v0.1.39
[INFO] [stderr]     Checking adler32 v1.0.3
[INFO] [stderr]     Checking byteorder v1.2.4
[INFO] [stderr]    Compiling num-iter v0.1.37
[INFO] [stderr]    Compiling rayon v1.0.2
[INFO] [stderr]     Checking either v1.5.0
[INFO] [stderr]    Compiling pkg-config v0.3.13
[INFO] [stderr]    Compiling cc v1.0.20
[INFO] [stderr]     Checking color_quant v1.0.1
[INFO] [stderr]     Checking crossbeam-utils v0.2.2
[INFO] [stderr]     Checking arrayvec v0.4.7
[INFO] [stderr]     Checking lzw v0.10.0
[INFO] [stderr]     Checking inflate v0.3.4
[INFO] [stderr]     Checking bitflags v1.0.4
[INFO] [stderr]     Checking log v0.4.4
[INFO] [stderr]     Checking gif v0.9.2
[INFO] [stderr]     Checking deflate v0.7.18
[INFO] [stderr]    Compiling lazy_static v1.1.0
[INFO] [stderr]     Checking num_cpus v1.8.0
[INFO] [stderr]     Checking rand v0.4.3
[INFO] [stderr]     Checking crossbeam-epoch v0.3.1
[INFO] [stderr]    Compiling ncurses v5.94.0
[INFO] [stderr]     Checking crossbeam-deque v0.2.0
[INFO] [stderr]     Checking rand v0.3.22
[INFO] [stderr]     Checking num-traits v0.1.43
[INFO] [stderr]     Checking enum_primitive v0.1.1
[INFO] [stderr]     Checking pancurses v0.16.0
[INFO] [stderr]     Checking num-rational v0.1.42
[INFO] [stderr]     Checking png v0.11.0
[INFO] [stderr]     Checking jpeg-decoder v0.1.15
[INFO] [stderr]     Checking image v0.18.0
[INFO] [stderr]     Checking noise v0.5.1
[INFO] [stderr]     Checking clouds v0.1.0 (/opt/rustwide/workdir)
[INFO] [stdout] warning: trait objects without an explicit `dyn` are deprecated
[INFO] [stdout]   --> src/main.rs:21:34
[INFO] [stdout]    |
[INFO] [stdout] 21 | fn draw(w: &Window, writer: &mut CellWriter, state: i32) {
[INFO] [stdout]    |                                  ^^^^^^^^^^
[INFO] [stdout]    |
[INFO] [stdout]    = warning: this is accepted in the current edition (Rust 2015) but is a hard error in Rust 2021!
[INFO] [stdout]    = note: for more information, see <https://doc.rust-lang.org/nightly/edition-guide/rust-2021/warnings-promoted-to-error.html>
[INFO] [stdout]    = note: `#[warn(bare_trait_objects)]` on by default
[INFO] [stdout] help: use `dyn`
[INFO] [stdout]    |
[INFO] [stdout] 21 | fn draw(w: &Window, writer: &mut dyn CellWriter, state: i32) {
[INFO] [stdout]    |                                  +++
[INFO] [stdout] 
[INFO] [stdout] 
[INFO] [stdout] warning: trait objects without an explicit `dyn` are deprecated
[INFO] [stdout]    --> src/main.rs:136:24
[INFO] [stdout]     |
[INFO] [stdout] 136 | fn parse_args() -> Box<CellWriter> {
[INFO] [stdout]     |                        ^^^^^^^^^^
[INFO] [stdout]     |
[INFO] [stdout]     = warning: this is accepted in the current edition (Rust 2015) but is a hard error in Rust 2021!
[INFO] [stdout]     = note: for more information, see <https://doc.rust-lang.org/nightly/edition-guide/rust-2021/warnings-promoted-to-error.html>
[INFO] [stdout] help: use `dyn`
[INFO] [stdout]     |
[INFO] [stdout] 136 | fn parse_args() -> Box<dyn CellWriter> {
[INFO] [stdout]     |                        +++
[INFO] [stdout] 
[INFO] [stdout] 
[INFO] [stdout] warning: trait objects without an explicit `dyn` are deprecated
[INFO] [stdout]   --> src/main.rs:21:34
[INFO] [stdout]    |
[INFO] [stdout] 21 | fn draw(w: &Window, writer: &mut CellWriter, state: i32) {
[INFO] [stdout]    |                                  ^^^^^^^^^^
[INFO] [stdout]    |
[INFO] [stdout]    = warning: this is accepted in the current edition (Rust 2015) but is a hard error in Rust 2021!
[INFO] [stdout]    = note: for more information, see <https://doc.rust-lang.org/nightly/edition-guide/rust-2021/warnings-promoted-to-error.html>
[INFO] [stdout]    = note: `#[warn(bare_trait_objects)]` on by default
[INFO] [stdout] help: use `dyn`
[INFO] [stdout]    |
[INFO] [stdout] 21 | fn draw(w: &Window, writer: &mut dyn CellWriter, state: i32) {
[INFO] [stdout]    |                                  +++
[INFO] [stdout] 
[INFO] [stdout] 
[INFO] [stdout] warning: trait objects without an explicit `dyn` are deprecated
[INFO] [stdout]    --> src/main.rs:136:24
[INFO] [stdout]     |
[INFO] [stdout] 136 | fn parse_args() -> Box<CellWriter> {
[INFO] [stdout]     |                        ^^^^^^^^^^
[INFO] [stdout]     |
[INFO] [stdout]     = warning: this is accepted in the current edition (Rust 2015) but is a hard error in Rust 2021!
[INFO] [stdout]     = note: for more information, see <https://doc.rust-lang.org/nightly/edition-guide/rust-2021/warnings-promoted-to-error.html>
[INFO] [stdout] help: use `dyn`
[INFO] [stdout]     |
[INFO] [stdout] 136 | fn parse_args() -> Box<dyn CellWriter> {
[INFO] [stdout]     |                        +++
[INFO] [stdout] 
[INFO] [stdout] 
[INFO] [stdout] error[E0308]: mismatched types
[INFO] [stdout]   --> src/main.rs:75:29
[INFO] [stdout]    |
[INFO] [stdout] 75 |         w.attron(COLOR_PAIR(self.color_map(n)));
[INFO] [stdout]    |                  ---------- ^^^^^^^^^^^^^^^^^ expected `u32`, found `u64`
[INFO] [stdout]    |                  |
[INFO] [stdout]    |                  arguments to this function are incorrect
[INFO] [stdout]    |
[INFO] [stdout] note: function defined here
[INFO] [stdout]   --> /opt/rustwide/cargo-home/registry/src/index.crates.io-6f17d22bba15001f/pancurses-0.16.0/src/unix/constants.rs:56:8
[INFO] [stdout]    |
[INFO] [stdout] 56 | pub fn COLOR_PAIR(n: chtype) -> attr_t {
[INFO] [stdout]    |        ^^^^^^^^^^
[INFO] [stdout] help: you can convert a `u64` to a `u32` and panic if the converted value doesn't fit
[INFO] [stdout]    |
[INFO] [stdout] 75 |         w.attron(COLOR_PAIR(self.color_map(n).try_into().unwrap()));
[INFO] [stdout]    |                                              ++++++++++++++++++++
[INFO] [stdout] 
[INFO] [stdout] 
[INFO] [stdout] error[E0308]: mismatched types
[INFO] [stdout]   --> src/main.rs:75:29
[INFO] [stdout]    |
[INFO] [stdout] 75 |         w.attron(COLOR_PAIR(self.color_map(n)));
[INFO] [stdout]    |                  ---------- ^^^^^^^^^^^^^^^^^ expected `u32`, found `u64`
[INFO] [stdout]    |                  |
[INFO] [stdout]    |                  arguments to this function are incorrect
[INFO] [stdout]    |
[INFO] [stdout] note: function defined here
[INFO] [stdout]   --> /opt/rustwide/cargo-home/registry/src/index.crates.io-6f17d22bba15001f/pancurses-0.16.0/src/unix/constants.rs:56:8
[INFO] [stdout]    |
[INFO] [stdout] 56 | pub fn COLOR_PAIR(n: chtype) -> attr_t {
[INFO] [stdout]    |        ^^^^^^^^^^
[INFO] [stdout] help: you can convert a `u64` to a `u32` and panic if the converted value doesn't fit
[INFO] [stdout]    |
[INFO] [stdout] 75 |         w.attron(COLOR_PAIR(self.color_map(n).try_into().unwrap()));
[INFO] [stdout]    |                                              ++++++++++++++++++++
[INFO] [stdout] 
[INFO] [stdout] 
[INFO] [stdout] error[E0308]: mismatched types
[INFO] [stdout]    --> src/main.rs:107:29
[INFO] [stdout]     |
[INFO] [stdout] 107 |         w.attron(COLOR_PAIR(self.color_map(n)));
[INFO] [stdout]     |                  ---------- ^^^^^^^^^^^^^^^^^ expected `u32`, found `u64`
[INFO] [stdout]     |                  |
[INFO] [stdout]     |                  arguments to this function are incorrect
[INFO] [stdout]     |
[INFO] [stdout] note: function defined here
[INFO] [stdout]    --> /opt/rustwide/cargo-home/registry/src/index.crates.io-6f17d22bba15001f/pancurses-0.16.0/src/unix/constants.rs:56:8
[INFO] [stdout]     |
[INFO] [stdout] 56  | pub fn COLOR_PAIR(n: chtype) -> attr_t {
[INFO] [stdout]     |        ^^^^^^^^^^
[INFO] [stdout] help: you can convert a `u64` to a `u32` and panic if the converted value doesn't fit
[INFO] [stdout]     |
[INFO] [stdout] 107 |         w.attron(COLOR_PAIR(self.color_map(n).try_into().unwrap()));
[INFO] [stdout]     |                                              ++++++++++++++++++++
[INFO] [stdout] 
[INFO] [stdout] 
[INFO] [stdout] error[E0308]: mismatched types
[INFO] [stdout]    --> src/main.rs:107:29
[INFO] [stdout]     |
[INFO] [stdout] 107 |         w.attron(COLOR_PAIR(self.color_map(n)));
[INFO] [stdout]     |                  ---------- ^^^^^^^^^^^^^^^^^ expected `u32`, found `u64`
[INFO] [stdout]     |                  |
[INFO] [stdout]     |                  arguments to this function are incorrect
[INFO] [stdout]     |
[INFO] [stdout] note: function defined here
[INFO] [stdout]    --> /opt/rustwide/cargo-home/registry/src/index.crates.io-6f17d22bba15001f/pancurses-0.16.0/src/unix/constants.rs:56:8
[INFO] [stdout]     |
[INFO] [stdout] 56  | pub fn COLOR_PAIR(n: chtype) -> attr_t {
[INFO] [stdout]     |        ^^^^^^^^^^
[INFO] [stdout] help: you can convert a `u64` to a `u32` and panic if the converted value doesn't fit
[INFO] [stdout]     |
[INFO] [stdout] 107 |         w.attron(COLOR_PAIR(self.color_map(n).try_into().unwrap()));
[INFO] [stdout]     |                                              ++++++++++++++++++++
[INFO] [stdout] 
[INFO] [stdout] 
[INFO] [stdout] error: aborting due to 2 previous errors; 2 warnings emitted
[INFO] [stdout] 
[INFO] [stdout] 
[INFO] [stdout] For more information about this error, try `rustc --explain E0308`.
[INFO] [stdout] 
[INFO] [stdout] error: aborting due to 2 previous errors; 2 warnings emitted
[INFO] [stdout] 
[INFO] [stdout] 
[INFO] [stdout] For more information about this error, try `rustc --explain E0308`.
[INFO] [stdout] 
[INFO] [stderr] error: could not compile `clouds` (bin "clouds") due to 3 previous errors; 2 warnings emitted
[INFO] [stderr] warning: build failed, waiting for other jobs to finish...
[INFO] [stderr] error: could not compile `clouds` (bin "clouds" test) due to 3 previous errors; 2 warnings emitted
[INFO] running `Command { std: "docker" "inspect" "d157e8b3283192b060725441708b1f9f2b1fd08bf1897e9b941848dbd8927968", kill_on_drop: false }`
[INFO] running `Command { std: "docker" "rm" "-f" "d157e8b3283192b060725441708b1f9f2b1fd08bf1897e9b941848dbd8927968", kill_on_drop: false }`
[INFO] [stdout] d157e8b3283192b060725441708b1f9f2b1fd08bf1897e9b941848dbd8927968
